(-21)) - -5. Let u = b + 197. What are the prime factors of u?
3, 5, 13
Let t = 30 - 28. Suppose -4 - t = -2*z + 2*c, 2*z = c + 6. Suppose -z*p + q + 716 = 0, -3*p = -p + 2*q - 488. List the prime factors of p.
2, 3, 5
Let z = -143 + 152. Let s(d) = d**3 - 3*d**2 + 7*d - 25. What are the prime factors of s(z)?
2, 131
Suppose 12*c = 13*c - 1792. Suppose 4*q - 2*q - c = 5*k, -4*k = 0. What are the prime factors of q?
2, 7
Let n = -455 + 461. Suppose -j - 4*x + 660 = 0, n*x - 1284 = -2*j + 7*x. What are the prime factors of j?
2, 7, 23
Let m = 194 - 132. Let o = -58 + m. What are the prime factors of ((-1502 + -2)/o)/(-2)?
2, 47
Let s = 54 - 135. Let b = s + 127. Let m = -37 + b. List the prime factors of m.
3
Suppose -x - 2*x + 15 = 0, 3*o - x = 7. Let s = 1 + o. Suppose s*f + f = 918. List the prime factors of f.
3, 17
Suppose v = -4*n, -v - n + 4 = 1. Suppose -4*f + v*o + 753 = -179, 0 = 5*f - 4*o - 1166. What are the prime factors of f?
2, 3, 13
Suppose 5*z - 585 = -5*p, p - 17*z + 20*z - 127 = 0. Suppose 0 = -p*t + 109*t + 3345. What are the prime factors of t?
5, 223
Let p be ((-48)/10)/((-16359)/3270 + 5). Suppose -g = 5*k - p, 2*k = -g - 314 + 1014. Suppose -5*z - k = -953. What are the prime factors of z?
11
Suppose 0 = 3*g - 4*l - 2185, 2*g + 5*l + 289 = 1761. Suppose k - 2*t - 139 = 0, 3*k + g = 8*k - t. List the prime factors of k.
3, 7
Let f(v) = 39*v**2 - 65*v + 565. What are the prime factors of f(17)?
3, 7, 73
Let l(g) = -8*g**3 - 3*g**2 - 37*g - 175. List the prime factors of l(-9).
7, 821
Let i(u) = u**3 - 10*u**2 - 59*u + 333. List the prime factors of i(21).
3, 5, 263
Let x = -19 - -21. Let j(l) = 15*l**3 + 4*l**2 - l - 3. Let i be j(x). Let t = i + -47. List the prime factors of t.
2, 3, 7
Let d be 1*(-1)/(2/(-6)). Suppose -2*r = 2*a - 4*a + 802, 2*a = -d*r + 777. Suppose -79 - a = -5*g. List the prime factors of g.
5, 19
Let h(i) = 4*i - i**3 - 5*i**2 - 20 - 39 - 4*i**2 - 6 + 6*i. List the prime factors of h(-12).
13, 19
Let u = 15642 + -10815. List the prime factors of u.
3, 1609
Let d(a) = -47*a + 543 - a**3 - a**2 - 48*a + 99*a. List the prime factors of d(0).
3, 181
Let t be 2/(((-32)/4)/(-4)). Suppose -2*j + 3*g = -t, -4*g = -6*j + 4*j. Suppose -152 = -4*k + 4*o, 184 = 4*k + j*o + 2*o. What are the prime factors of k?
2, 3, 7
Let m be (167/(-2))/(30/(-60)). Suppose -f = -4*g - m, -3*f + f + 2*g + 322 = 0. List the prime factors of f.
3, 53
Suppose 50*h = 10769 + 17831. Suppose 4*b - 2 = 6. Suppose 5*g = 3*t + h, -5*g = 6*t - b*t - 544. What are the prime factors of g?
2, 7
Suppose 110 + 25 = 27*w. Suppose w*t + 930 = a, -5*a + 2*a = -t - 2776. What are the prime factors of a?
5, 37
Suppose -3*u = 4*z + 29, 5*u - 2*u - z = -4. Let l(k) = 36*k**2 - k - 7. List the prime factors of l(u).
2, 5
Let l(s) = -s**3 - 31*s**2 + 1451*s - 26. List the prime factors of l(22).
2, 7, 223
What are the prime factors of ((230190/(-20))/(24/64))/((-4)/3)?
3, 7673
Let o(w) = -w + 10. Let c be o(8). Let y be (-1)/(c - (-3292)/(-1644)). Suppose -3*a + y + 3 = 0. What are the prime factors of a?
2, 3, 23
Suppose -5815 = -j + 5*s, -3*j + 11603 = -j - s. Let q = -238 - -234. What are the prime factors of j/60 + q/6?
2, 3
Suppose 0 = 3*p - 275 + 65. Suppose 0 = 65*x - p*x + 3975. Suppose 0 = -11*g + x + 162. List the prime factors of g.
3, 29
Suppose -164716 = -18*b + 44271 + 283817. What are the prime factors of b?
2, 3, 13
What are the prime factors of (1*22)/(15 - (-103433)/(-6897))?
3, 11, 19
Let q = -28985 + 48146. List the prime factors of q.
3, 2129
Let q(y) = 7*y**2 - 5*y - 1. Let c be 4/10 - (2 - (-69)/(-15)). Suppose -44 = -c*i - 50. List the prime factors of q(i).
37
Suppose 3*s + 20*s + 7774 = 0. Let z = s - -1135. What are the prime factors of z?
797
Let w(l) = l**2 + 2*l - 4. Let t be w(-4). Suppose -t*g + 9 = 1. Let i = 1 + g. List the prime factors of i.
3
Suppose 4*v = -2*o + 2806, 3*v - 3*o - 2102 = -5*o. Suppose -22*y + 23*y = v. List the prime factors of y.
2, 11
Suppose -6063 = -7*k - 1968. Let g = k + 94. What are the prime factors of g?
7, 97
Suppose 2*t = -t - 12. Let i be 9/(0 + t/(-4)). Suppose -6*l - 6 = -i*l. List the prime factors of l.
2
Suppose 3*q - 866 - 118 = 0. Suppose 2*p + 2*p + 4*d = q, -4*d = -p + 57. List the prime factors of p.
7, 11
Let l(b) = 8*b**2 + 35*b + 30. What are the prime factors of l(-43)?
3, 23, 193
Let o = -269 + 278. Suppose -o*r + 3017 = -322. List the prime factors of r.
7, 53
Let u(t) = -t**2 - 27*t - 2. Let r be u(-26). Suppose 11*p - 17*p = -r. What are the prime factors of (-7 + 4/p)*(-106)/4?
3, 53
Let i = 55343 + -22599. What are the prime factors of i?
2, 4093
Let r(z) = z**2 - 15*z + 4. Suppose 120 = -32*m + 40*m. What are the prime factors of r(m)?
2
Let i(y) = -5517*y - 12992. What are the prime factors of i(-7)?
7, 523
Let k(t) = -154*t - 646. List the prime factors of k(-6).
2, 139
Let t = 133 + -130. Suppose -3*b + 2748 = -3*o, t*o = 4*b + 330 - 3993. What are the prime factors of b?
3, 5, 61
Suppose 8*q + 3550 = -2*q. Let m be (-2)/((-345)/q - 1). Suppose 0 = -5*l + 314 + m. List the prime factors of l.
7, 11
Let o(c) = -c**2 + 14. Let h be o(0). Suppose -h*i = -31 - 53. Suppose 0*m - 178 = -m - 2*d, -3*d = -i. What are the prime factors of m?
2, 3, 29
Let a = 28139 + -18400. List the prime factors of a.
9739
Let o(j) be the first derivative of -j**3/3 + 15*j**2 - 37*j + 2. Suppose 113 = 12*k - 115. List the prime factors of o(k).
2, 43
Let n(f) = -17*f + 119. Let h be n(7). Suppose 3*i - 1066 - 239 = h. What are the prime factors of i?
3, 5, 29
Let l = -696 - -281. Let q = -132 - l. What are the prime factors of q?
283
Let s be (9 - 104/8) + 6. Suppose -s*d - 2052 = -4*b - b, 2*b - 816 = -4*d. What are the prime factors of b?
2, 5, 41
Suppose -478*s = -481*s + 2*d + 18784, -4*s + 2*d = -25044. What are the prime factors of s?
2, 5, 313
Let a = -569 + 1177. Let l = a + -286. Let z = l - 124. List the prime factors of z.
2, 3, 11
Suppose 8 = 2*w + 3*j + 2*j, -8 = -2*w + 5*j. Suppose -i - 3*d = i - 375, -3*d + 759 = w*i. List the prime factors of i.
2, 3
Suppose 3797 = -11*k - 1901. Let o = 815 + k. What are the prime factors of o?
3, 11
Suppose 2*c = 3*c + 2*x - 2020, -3*c = -3*x - 6015. What are the prime factors of c?
2, 3, 5, 67
Let y = 1565 + 579. Suppose 4*a = j + 756 - y, 0 = -4*j + 3*a + 5578. List the prime factors of j.
2, 349
Let k = 9813 + -3173. What are the prime factors of k?
2, 5, 83
Suppose -2*q - 49*a = -42*a - 12431, -5*q + 5*a + 31235 = 0. List the prime factors of q.
2, 3, 5, 13
List the prime factors of 30/(-50) - 114012/(-20).
2, 3, 5, 19
Let n = 39 - 32. Suppose -5*p + n = -18. Suppose 0 = 5*v - 10, -4*v = p*w - 576 + 193. List the prime factors of w.
3, 5
Let u be (14/56)/((-1)/(-12)). Suppose 5*d = -4*r + 857, 0 = -u*r - d + 870 - 241. List the prime factors of r.
2, 13
Let f = 202 - 134. Let k = 162 - f. What are the prime factors of k?
2, 47
Suppose 2786 - 509 = -3*k. Let z be k/12 - (0 - 4/16). Let y = z - -113. What are the prime factors of y?
2, 5
Let v = -115 + 141. Suppose 3*h - 4*u = v, -2*h = 3*h - 5*u - 40. Suppose h*m + 9*m = 4185. What are the prime factors of m?
3, 31
Let x(p) = 18*p - 2 - 141*p**2 + 72*p**2 - 2 + 80*p**2. List the prime factors of x(7).
661
Let n = 16490 - 11316. What are the prime factors of n?
2, 13, 199
Let s = -721 - -907. Suppose -s = -29*v + 16257. List the prime factors of v.
3, 7
Let r = 6 - 1. Suppose -4*v - 2*s = 490, -r*v - s - 625 = 4*s. Let j = 209 + v. What are the prime factors of j?
89
Suppose -63*f = -59*f - 24. Let p(y) = 3*y + 21. Let i(d) = -5*d - 32. Let o(v) = -5*i(v) - 7*p(v). List the prime factors of o(f).
37
Suppose 13*u - 491 = 68. Suppose 32*y + 1298 = u*y. List the prime factors of y.
2, 59
Let y be (-33 + -3)/6 - (-1)/1. Let n(v) = 26*v**2 - 11*v - 28. List the prime factors of n(y).
677
Let j(a) = 417*a**2 + 10*a + 5. Let p be j(-1). Suppose 118*x - 117*x = p. List the prime factors of x.
2, 103
Suppose q + 136 = 3*j, -182 = -4*j + q - 0*q. Let z = 60 - j. Suppose z*h - 13*h - 122 = 0. What are the prime factors of h?
2, 61
Suppose 15*v - 12*v = 9. Suppose 3*a = -v, -a - 311 = -3*t + a. Suppose -t = 81*x - 82*x. What are the prime factors of x?
103
Suppose 270*m - 16017 = 251*m. What a